)). Let b = x + 35. Suppose -13*w = -66 - 12. What is the remainder when b is divided by w?
5
Let o(a) = a + 70. Let z = -120 - -112. What is the remainder when o(z) is divided by 21?
20
Suppose -2*q + 932 + 768 = -86. Calculate the remainder when q is divided by 26.
9
Let t(z) = 19*z**2 + z. Suppose 173*y - 2*n = 176*y - 30, -4*y = -4*n - 60. Calculate the remainder when t(-2) is divided by y.
2
Let c = 6559 + 8498. What is the remainder when c is divided by 37?
35
Suppose -70*r = -156*r + 14018. Calculate the remainder when 332 is divided by r.
6
Suppose -55 = 17*g - 18*g. Let a = g + -33. Suppose j - u + 11 = 2*j, 2*j + 5*u - a = 0. Calculate the remainder when 30 is divided by j.
8
Let w(a) = -4*a**3 - 82*a**2 + 41*a + 71. Calculate the remainder when w(-21) is divided by 14.
8
Suppose 4*c - 40 = 4*b, -b - 25 = -4*c + 33. Suppose -62 + 8 = -3*o. Let y = o - 11. What is the remainder when c is divided by y?
2
Suppose 144*y - 148*y = -1284. What is the remainder when 921 is divided by y?
279
Let a be (-40)/32 - 9/(-4). Calculate the remainder when 105 is divided by a/8 + -8*(-2012)/256.
42
What is the remainder when 273 is divided by (-15)/(-45)*642/(-18)*-9?
59
Suppose -27 = -r - 23. Suppose -2*p + 5*p = 12. Calculate the remainder when ((-6)/r - -2)*7*4 is divided by p.
2
Let g = -91 - -96. Let l(x) = -1 - 61 - g*x - 19*x. What is the remainder when l(-6) is divided by 14?
12
Suppose 64*s + 101 = 1029 - 160. Let v(l) = -l**3 + l**2 + l. Let j be 0/7 + -3*1. What is the remainder when v(j) is divided by s?
9
Let z = -9 - -13. Suppose r - 2*r - z = 0, 0 = -4*o + 5*r + 372. Let n(l) = -25*l - 435. What is the remainder when o is divided by n(-18)?
13
Let g be -2*(6/(-4) + 3/(-3)). Suppose -961 = -g*a - r, 0*r + 969 = 5*a - r. What is the remainder when a is divided by 14?
11
Let n(c) = c**2 - 45*c + 526. Calculate the remainder when 1173 is divided by n(21).
7
What is the remainder when 591 is divided by 135/1 - -23 - -13?
78
Let h = -8394 + 8430. Calculate the remainder when 179 is divided by h.
35
What is the remainder when 326 is divided by (-50)/(-30) + 24/18?
2
Let q = -2971 - -3039. What is the remainder when 5235 is divided by q?
67
Let u be (8 + -12)*(10/4)/5. Let b(m) = -3*m**2 + m - 1. Let k be b(u). Calculate the remainder when 27 is divided by (k + 1)/(0 + -2).
6
Let z = 59 + -46. Suppose 10*c - z*c - 36 = 0. Let w = c - -20. Calculate the remainder when 63 is divided by w.
7
Suppose 3*c - 24 = 2*c. Suppose c*k = 22*k + 402. What is the remainder when k is divided by 34?
31
Let c(t) = -209*t - 4392. What is the remainder when c(-25) is divided by 53?
38
Let k(u) be the third derivative of 0 + 1/15*u**6 - 1/24*u**4 + 0*u + 0*u**3 + u**2 - 1/60*u**5. What is the remainder when 13 is divided by k(1)?
1
Suppose -74*z + 3*f = -73*z - 437, 0 = f + 2. Calculate the remainder when 906 is divided by z.
44
Let s be 38/14 - 98/(-343). Suppose -4*t = 3*n - 14, 0 = s*t + 5*n - 1 - 15. What is the remainder when 17 is divided by t?
1
Let t(p) = -6*p - 149. Let c be t(16). Let f = c - -316. Calculate the remainder when 709 is divided by f.
70
Suppose -4*j - 3*i + 801 = -0*j, 0 = i + 1. What is the remainder when 727 is divided by j?
124
Suppose 2*f + z - 673 + 1947 = 0, -3*f + 5*z = 1885. Let i = -497 - f. What is the remainder when i is divided by 70?
68
What is the remainder when 87 is divided by (0 + (-20)/(-6))/((-12)/(-54))?
12
Suppose -2*w - 36 = -2*o + 18, -w + 108 = 4*o. Let d(j) = -4*j**2 - 128*j + 8. Let z be (44/33)/((-2)/48). What is the remainder when o is divided by d(z)?
3
Let j(c) = 311*c - 4025. Calculate the remainder when 1242 is divided by j(13).
0
Let i be 10*1/2*(-584)/20. Let c = 156 + i. What is the remainder when 258 is divided by c?
8
Let v be (-20)/(-6)*-4*33/44. Let k(p) = p**3 + 6*p**2 - 44*p - 13. Calculate the remainder when k(v) is divided by 15.
12
Let w(s) = 55*s - 201. Let k(a) = 113*a**3 + a**2 - 8*a + 6. What is the remainder when k(1) is divided by w(4)?
17
Let y be (4/10)/(11 - 28047/2550). Suppose 9*r - 25 = 14*r, -5*v + 2*r + y = 0. Calculate the remainder when v is divided by 17.
15
Suppose -4*y + 22 = -2*y - 4*v, 5*y = -5*v + 130. What is the remainder when 178 is divided by y?
10
Let s = 704 + -389. What is the remainder when s is divided by 0 + 8 + 72/38 + (-86)/(-817)?
5
Suppose 16047*k = 16050*k - 423. Let o = 23 - 10. Calculate the remainder when k is divided by o.
11
Calculate the remainder when 3*(-6 - 9)/5 - -2348 is divided by 36.
35
Let p(m) = 3*m**2 + 17*m + 10. Let d be p(-5). Suppose d = l - 20 - 16. What is the remainder when (-1 - 146/(-4))*22/11 is divided by l?
35
Let a = 19 + -47. Let u = -10 - a. Calculate the remainder when -26*(4 + 27/(-4)) - 27/18 is divided by u.
16
Suppose 137 + 118 = 5*f. Let s(u) = 87*u - 51. What is the remainder when s(7) is divided by f?
48
Let o = -292 - -695. Calculate the remainder when o is divided by 198.
7
Suppose 5*b + 690 = -4*c + 23, -4*b = -4*c + 548. What is the remainder when 102 is divided by ((-8)/12)/(6/b)?
12
Let k(t) = -226*t + 131. Let g be k(-5). Suppose c = -2*o - 24 + 431, 2*o = 3*c - g. What is the remainder when c is divided by 42?
39
Let p(f) = 64*f + 28. Let y be p(10). Let n = y + -504. What is the remainder when n is divided by 24?
20
Suppose -b + 114 = 2*b. Let m(y) = -42*y - 20. Suppose 2 = -17*s - 66. What is the remainder when m(s) is divided by b?
34
Suppose -14*k - 2*k + 30528 = 8*k. What is the remainder when k is divided by 258?
240
Let y = 10381 + -10063. What is the remainder when y is divided by 175?
143
Let p(f) = f**2 - 9*f + 2. Let t be p(7). Let q be (t/36)/(2/(-72)). Calculate the remainder when ((-489)/9)/((-4)/q) is divided by 41.
40
Suppose 1164*s = 1160*s + 124. Let i be (-1)/(-4) - (-186)/(-8). Let t = s + i. Calculate the remainder when 11 is divided by t.
3
Suppose -214*a - 5*r + 56 = -213*a, 2*r + 334 = 4*a. What is the remainder when a is divided by 70?
11
What is the remainder when 223 is divided by 10/(-80) + (-870)/(-48)?
7
Let d = 32 - 21. Let h(f) = -4*f**2 - 3*f - 1. Let r be h(-1). Calculate the remainder when 302/18 - ((-100)/45 - r) is divided by d.
6
Suppose -2*p = 8*u - 5*u + 198, 0 = 4*u + 5*p + 264. Let h = 131 - u. What is the remainder when h is divided by 52?
41
Let h be 6*(1 - 4 - -4). Suppose 3*o + 81 = h*o. Let n = 4 - -74. Calculate the remainder when n is divided by o.
24
What is the remainder when -24 - (8 - 35) - 2/((-4)/2050) is divided by 68?
8
Suppose -c - 31*r - 241 = -2*c, -c + 81 = r. Calculate the remainder when c is divided by 37.
12
Suppose 4*i - 532 = -2*f, 2*i + 3*f - 272 = 5*f. Calculate the remainder when i is divided by (-4)/(-18)*9*3/18*51.
15
Suppose -l = -7 - 15. Suppose l*j + 12 = 24*j. What is the remainder when 26 is divided by (-102)/(-4)*4/j?
9
Let g(t) = t**3 + 7*t**2 - 10*t - 4. What is the remainder when 711 is divided by g(2)?
3
Suppose -1247*c + 1233*c + 26544 = 0. Calculate the remainder when c is divided by 17.
9
Let b(k) = -k + 31. Let o(i) = -4*i - 1. Let w(l) = -2*b(l) - 6*o(l). Calculate the remainder when w(3) is divided by 3.
1
Suppose 0 = 2*t - 470 - 88. What is the remainder when t is divided by -7*(-1220)/210 - 10/15?
39
Suppose 4912*h = 4891*h + 16212. Calculate the remainder when h is divided by 5.
2
Let y = -302 + 482. Calculate the remainder when 57 is divided by (4/8)/(6/y).
12
Suppose 4*f = -108*i + 106*i - 6, 0 = 2*i + 2*f - 6. Suppose 4*h - 5*k = 67, -2*h - 4*k + 8 + 6 = 0. Calculate the remainder when h is divided by i.
4
Let z = 34705 + -34542. What is the remainder when 1807 is divided by z?
14
Suppose -5*x = 5*m - 1108 - 15572, -3*m = 5*x - 16686. Suppose -272*d - x = -279*d. Calculate the remainder when d is divided by 96.
93
Let a = 15 + -20. Let n be (2*(-4)/(-2))/(2/(-1)). What is the remainder when 5 is divided by n*(-1 + (a - -4))?
1
Suppose 1797*a - 1772*a - 24725 = 0. What is the remainder when a is divided by 45?
44
Suppose -405 = -5*i + 270*t - 275*t, 0 = -3*i + 4*t + 285. Calculate the remainder when 417 is divided by i.
69
Let y = 9666 - 5027. What is the remainder when y is divided by 20?
19
Let b(p) = p**3 - 2*p**2 - 74*p + 9. Let y(u) = -u - 1. Let k(q) = b(q) + 5*y(q). Calculate the remainder when 123 is divided by